). Let u(r) = r**3 - 7*r**2 + 11*r - 6. What is u(j)?
-1
Let v(k) = -k**3 - 2*k**2 + 3*k - 5. Let z = 52 + -43. Let a(j) = -5*j**3 - 7*j**2 + 13*j - 21. Let c(s) = z*v(s) - 2*a(s). Determine c(4).
1
Suppose -53 - 354 = -11*i. Let g(s) = s + i*s**2 - 78*s**2 + 37*s**2. Calculate g(-1).
-5
Let b(i) be the second derivative of i**5/20 + 11*i**4/12 + 7*i**3/6 - 16*i**2 + 7*i - 22. Calculate b(-10).
-2
Suppose i - 2*m = 5, -4*m + 39 = 6*i - i. Let r(h) be the second derivative of -h**5/20 + h**4/2 + 5*h**3/6 + 5*h**2/2 + 4*h - 3. Calculate r(i).
-9
Suppose -5*m + 19 = s, 4*m - 2*s - 3*s + 8 = 0. Suppose -4*h + 5*t - 1 = 0, 2*t + m + 0 = 5*h. Let o(y) = -h + 2 - 2*y - 3 + 6. What is o(5)?
-6
Let y = 49 - 46. Let v(g) = 2 + y + 2*g**2 + 4*g + 3*g. Let w = -1 - 3. Determine v(w).
9
Let k(f) = 13*f - 72. Let c be k(5). Let p(n) = -n**2 - 6*n + 11. Determine p(c).
4
Suppose -4 = z - 20. Suppose -2*c + z = -2*g, 2 = -5*g - 13. Let q(n) = -n + 1. Let m(y) = y**2 - 9*y + 11. Let f(u) = -m(u) + 6*q(u). Determine f(c).
-15
Let c(s) be the second derivative of -7*s**3/6 + 7*s**2/2 - 11*s. Give c(8).
-49
Let b(k) be the third derivative of -1/120*k**6 - 7/60*k**5 + k**3 + 0*k + 0 - 5/24*k**4 + 2*k**2. Calculate b(-6).
0
Let z(n) = n + 18. Let w be z(-14). Let p be w*(-5)/(-10)*(-2 - -5). Let d(x) = -3*x - 7. Determine d(p).
-25
Let a(u) = 120 - 227 - 4*u + 94. Determine a(-2).
-5
Let h(z) = -16*z + 2. Let t(l) = 5*l - 1. Let x(q) = 2*h(q) + 7*t(q). Let i = 24 - 19. Let g be (6/(-10))/((-1)/i). What is x(g)?
6
Let j = -3 + 5. Suppose 6 = j*o - 4. Let r(s) = -2*s - 2. Let y(w) = -5*w. Let f(b) = -2*r(b) + y(b). Calculate f(o).
-1
Suppose 0 = -5*r - 4*b - 168, 4*r - 5*b + 4*b = -126. Let n(p) = p**3 - 15*p**2 - 18*p + 2. Let q be n(16). Let w = r - q. Let l(s) = s**2 + 4*s - 1. Give l(w).
-5
Let h(l) = 4*l + 5. Suppose -5 = 5*o - 0. Let g be 3 + (o - -3) - -3. Let k be g*(-3 - (-10)/4). What is h(k)?
-11
Let i(t) = t**3 + 10*t**2 - 1. Let c be i(-10). Let b(r) be the second derivative of 8*r + 1/6*r**3 + 1/2*r**2 + 0. Determine b(c).
0
Let c(n) = n**2 - 8 - 90*n + 4 - 84*n + 166*n. Calculate c(4).
-20
Let d(p) = p - 13. Let g(s) = 6*s - 71. Let o(m) = -11*d(m) + 2*g(m). Let b = -3 - 2. Let c = 8 + b. Determine o(c).
4
Let c(i) = i**2 - 7*i - 4. Let l be c(8). Suppose -u - 2 = -l. Let n(v) = -2*v + 1. Let z(j) = j - 1. Let t(g) = -n(g) + z(g). Calculate t(u).
4
Let k(b) = 1 + 5*b**2 + b + 3*b - b. Let l = -2567 + 2565. Determine k(l).
15
Let c(n) = n**2 + 9*n + 7. Let w be c(-9). Suppose 4*j = 2*o + 2, -5*j + w = -j - o. Let s(a) = -a**3 + 5*a**2 - 3*a - 1. Give s(j).
8
Let g(t) be the second derivative of t**4/6 + t**3/2 + t**2 - 2*t. Let p be ((-3)/2)/((-24)/(-32)). What is g(p)?
4
Let x(q) be the first derivative of q**2/2 - q + 2. Suppose 5 = -5*b, 2*d + 2*d - 11 = -5*b. Let y be x(d). Let g(o) = o**3 - o**2 - 5*o + 4. Determine g(y).
7
Let a(i) = -2*i - 2. Let s be a(-3). Let k = -4 + s. Suppose k = u - 4*u + 6. Let x(l) = 2*l - 2. Determine x(u).
2
Let z(j) = -2*j**2 + 4*j - 2. Let k(o) = 3*o**2 - 4*o + 1. Let i(b) = -3*k(b) - 4*z(b). Let l(m) = 3*m + 4. Let p = 9 - 12. Let n be l(p). Determine i(n).
0
Let y(w) = -252 - 11*w + 123 + 135. Give y(-5).
61
Let y = -211 + 218. Let h(t) = -t**3 + 6*t**2 + 7*t - 8. Calculate h(y).
-8
Let g(j) = -2*j**2 + j + 1. Let q(s) = -s**2 + 27*s - 93. Let m be q(23). Determine g(m).
-2
Let t(m) be the first derivative of -m**3/3 + 3*m**2 + 2*m - 536. Suppose 0 = 4*y + 12, -6*x = -x - y + 107. Let q be 2/11 - 106/x. Calculate t(q).
7
Let h(f) be the third derivative of -f**4/24 + 14*f**2 - 3. Let z(d) = -5*d + 7 - 2 + 0*d. Let i(o) = 6*h(o) - z(o). Give i(-3).
-2
Suppose -2*r - 60 = -12*r. Let c(z) = -3*z + 2. Give c(r).
-16
Let g(c) be the third derivative of 1/4*c**4 - 1/60*c**5 - 15*c**2 + 0*c**3 + 0 + 0*c. Give g(6).
0
Let x be ((-3)/(-12))/((-2)/8). Let r be (-1)/(x/(10 + 4)). Let u(s) = -s - r + 9 + 2*s + 10. Calculate u(-7).
-2
Let j(q) = 5*q**2 + 10*q - 1. Let o(k) = 11*k**2 + 21*k - 3. Let d(b) = 9*j(b) - 4*o(b). Give d(-9).
30
Let s be -3 - (2 + -1 - 0). Let t(d) = -d + 90. Let q(w) = 32. Let n(o) = 17*q(o) - 6*t(o). Calculate n(s).
-20
Let a(j) = j**2 + 40*j - 431. Let t be a(9). Let g(w) = 7*w**2 - 25*w + 11. Let c(m) = 3*m**2 - 12*m + 6. Let u(r) = -5*c(r) + 2*g(r). Calculate u(t).
-8
Let o be (-2*(-6)/9)/(64/432). Let m(u) = 9*u - 85. Calculate m(o).
-4
Let n(u) = u**3 - 4*u**2 + 2*u - 3. Let g be n(5). Let p = 34 - g. Let c(t) = -5*t**p + 4 + 2 - 2*t**3 - 2*t + t**3 - 3. What is c(-4)?
-5
Let y(h) = -h**2 - 5*h**2 + 11*h + 13 + 3*h**2 + 4*h**2 - 1. Calculate y(-9).
-6
Let i(a) = 3*a**3 - 8*a**2 + 6*a + 13. Let n(c) = -7*c**3 + 16*c**2 - 11*c - 27. Let y(m) = 9*i(m) + 4*n(m). Suppose x = -1845 + 1836. Determine y(x).
0
Let b(q) = 7 - 3 - 2*q + 4. Let r(j) = -1. Let g(w) = b(w) + 4*r(w). Let a(u) = -u - 4. Let z be a(-7). Give g(z).
-2
Suppose 5*s = 2*s + 45. Let x(r) = 18 + r + 3*r - 6*r**2 - s + 0*r + r**3. Give x(5).
-2
Let o(i) = -11*i**3 + 31*i**2 - 23*i + 44 - 9*i**2 + 10*i**3. What is o(21)?
2
Let z(q) = 2*q + 2. Suppose 3*r + 5*i - 4 = 0, r + 4*i - 1 = -2. Suppose 0 = -4*g - 2*x - 0 + 20, 0 = -2*g + 5*x + 22. Suppose r*m = -0*m + g. What is z(m)?
6
Let v(t) = t**3 - 2*t**2 - 15. Let m(w) = -2*w**2 - w - 22. Let l(z) = -2*m(z) + 3*v(z). Calculate l(3).
68
Suppose 4*q + 28 = -0*q. Let v(d) be the third derivative of -1/24*d**4 + 0*d + 5 - 2*d**2 - 11/6*d**3. Calculate v(q).
-4
Suppose 3*c - 6 = 0, -2*a + 3*c = -4*a - 4. Let w(o) = 6*o**3 + 16*o**2 + 15*o + 2. Let q(i) = i**3 + 2*i**2 + 2*i. Let s(p) = 5*q(p) - w(p). Determine s(a).
-2
Let k(v) = -v**2 - 1 + v + 0*v - 68*v**3 + 71*v**3. What is k(1)?
2
Let t(x) be the second derivative of x**7/840 - 7*x**6/360 + x**5/60 - x**4/3 - 11*x**3/6 + 12*x. Let w(z) be the second derivative of t(z). Determine w(7).
6
Let r = 14 - 21. Let k(s) be the third derivative of s**5/60 + 5*s**4/24 + s**3/3 + 285*s**2. Give k(r).
16
Suppose -13*o + t - 47 = -17*o, 4*t - 8 = -o. Let w(i) = i**3 - 11*i**2 - 11*i + 5. Give w(o).
17
Let u(j) = -13*j**2 - 5. Let v(t) = -15*t**2 - 5. Let i(s) = -7*u(s) + 6*v(s). Give i(-5).
30
Let w(m) = -11*m**3 + 10*m**2 + 4*m + 41. Let b(n) = -7*n**3 + 7*n**2 + 2*n + 27. Let p(r) = 8*b(r) - 5*w(r). Give p(5).
16
Let z(a) = a**3 - 2*a**2 - a - 3. Let h be z(4). Let w be (8/(-5))/(5/h). Let r = w + 11. Let x(b) = 4*b - 2. Determine x(r).
10
Suppose -3*o - o = 8. Let s(v) = 51*v + 1 - v**2 - 51*v. Let d(p) = -p - 1. Let n(m) = o*d(m) + s(m). Calculate n(5).
-12
Suppose 516*y - 526*y + 70 = 0. Let g(i) = -2*i + 6. Calculate g(y).
-8
Let n(m) = m + 3. Suppose 0 = -c + 9 - 6. Let j be 7*(2 + 0 - c). Determine n(j).
-4
Suppose -17 = -4*x - 3*y, x + 4*y - 6 = -x. Suppose -17 = -5*f - 2*u, 2*f + x*u - 11 = -0*u. Let p(t) = -5*t - f + 8*t - 6 + 2. Calculate p(6).
11
Let k(n) = -n**3 - 9*n**2 + 9*n - 8. Let p be (-6*5/(-6))/(3/(-6)). Calculate k(p).
2
Let u(q) = -q - 2. Let d be 6/(-4)*(0/(-6) - 4). Calculate u(d).
-8
Let l = -4 - -1. Let x(t) = 7*t**3 + t**2 - 3*t - 3. Let i(g) = -16*g**3 - g**2 + 7*g + 6. Let a(h) = -3*i(h) - 7*x(h). Give a(l).
-6
Let a(y) be the second derivative of -8*y - 5/6*y**3 + 0 - 1/2*y**4 + 3*y**2 - 1/20*y**5. Let s = -4 + -1. Calculate a(s).
6
Let l(v) be the third derivative of -v**4/4 + 7*v**3/6 - 269*v**2. Give l(9).
-47
Suppose 4*k - 42 = -10. Let c(x) = 2*x - 13. What is c(k)?
3
Let u(g) = 6*g + 0*g - 2*g - 3*g. Let x = -218 + 224. Give u(x).
6
Let z(t) be the third derivative of -t**5/60 + t**4/24 - t**3/6 + 35*t**2. Calculate z(3).
-7
Suppose -5*f = -f + 15*f. Let n(d) = -d + 10. What is n(f)?
10
Let g(r) = -6*r - 17. Let d(t) = -2*t - 6. Let h(f) = 8*d(f) - 3*g(f). Suppose -18 = -3*u + 3. Let a be -1*20/(u + -2). Determine h(a).
-5
Let g(n) be the first derivative of -n**3/3 - n**2/2 - 3*n + 1. Let f be (-15)/(-30) + (-109)/2. Let y be ((-1)/(-2))/(9/f). What is g(y)?
-9
Suppose 0 = -27*z + 127 + 116. Let l(k) be the second derivative of -k**5/20 + 2*k**4/3 + 4*k**3/3 + 2*k**2 + 7*k. Calculate l(z).
-5
Suppose -5*z - 4*n + 4 = 0, 2*z + 0*z + 3*n = 3. Let q be 4/12*z + -18. Let y = q - -14. Let f(m) = -m**3 - 4*m**2 - 2*m - 4. Give f(y).
4
Let c(q) = -2*q - 24. Let h be c(-13). Let g(r) = 3*r**2 - 3 - 4*r**h + 1 + 1. 